{"id":2,"date":"2012-11-28T17:51:30","date_gmt":"2012-11-28T17:51:30","guid":{"rendered":"http:\/\/localhost:8888\/geloca\/?page_id=2"},"modified":"2013-04-03T23:36:22","modified_gmt":"2013-04-03T23:36:22","slug":"pagina-ejemplo","status":"publish","type":"page","link":"https:\/\/geloca.seio.es\/","title":{"rendered":"Presentaci\u00f3n"},"content":{"rendered":"<p><img loading=\"lazy\" decoding=\"async\" src=\"wp-content\/uploads\/2012\/11\/geloca.png\" alt=\"geloca\" width=\"700\" height=\"230\" class=\"alignnone size-full wp-image-46\" srcset=\"https:\/\/geloca.seio.es\/wp-content\/uploads\/2012\/11\/geloca.png 700w, https:\/\/geloca.seio.es\/wp-content\/uploads\/2012\/11\/geloca-300x98.png 300w\" sizes=\"auto, (max-width: 700px) 100vw, 700px\" \/><\/p>\n<p>Desde hace ya m\u00e1s de veinte a\u00f1os, profesores de distintas universidades espa\u00f1olas miembros de la\u00a0<em>Sociedad Espa\u00f1ola de Estad\u00edstica e Investigaci\u00f3n Operativa -SEIO-<\/em>, vienen participando en las actividades del Grupo Europeo de Localizaci\u00f3n\u00a0<em>(EURO Working Group on Locational Analysis -EWGLA-).<\/em><\/p>\n<p>El aumento en los \u00faltimos a\u00f1os del n\u00famero de participantes espa\u00f1oles en ese grupo europeo puso de manifiesto la necesidad de la creaci\u00f3n de un grupo espa\u00f1ol sobre localizaci\u00f3n: GELOCA. En una reuni\u00f3n celebrada en Sevilla en Octubre de 1995, durante el\u00a0<em>XXII Congreso de la SEIO<\/em>, se decidi\u00f3 crear formalmente GELOCA como uno de los \u00bbgrupos de trabajo\u00bb de la SEIO.<\/p>\n","protected":false},"excerpt":{"rendered":"<p>Desde hace ya m\u00e1s de veinte a\u00f1os, profesores de distintas universidades espa\u00f1olas miembros de la\u00a0Sociedad Espa\u00f1ola de Estad\u00edstica e Investigaci\u00f3n Operativa -SEIO-, vienen participando en las actividades del Grupo Europeo de Localizaci\u00f3n\u00a0(EURO Working Group on Locational Analysis -EWGLA-). El aumento en los \u00faltimos a\u00f1os del n\u00famero de participantes espa\u00f1oles en ese grupo europeo puso de [&hellip;]<\/p>\n","protected":false},"author":1,"featured_media":0,"parent":0,"menu_order":0,"comment_status":"closed","ping_status":"closed","template":"","meta":{"footnotes":""},"class_list":["post-2","page","type-page","status-publish","hentry"],"_links":{"self":[{"href":"https:\/\/geloca.seio.es\/index.php?rest_route=\/wp\/v2\/pages\/2","targetHints":{"allow":["GET"]}}],"collection":[{"href":"https:\/\/geloca.seio.es\/index.php?rest_route=\/wp\/v2\/pages"}],"about":[{"href":"https:\/\/geloca.seio.es\/index.php?rest_route=\/wp\/v2\/types\/page"}],"author":[{"embeddable":true,"href":"https:\/\/geloca.seio.es\/index.php?rest_route=\/wp\/v2\/users\/1"}],"replies":[{"embeddable":true,"href":"https:\/\/geloca.seio.es\/index.php?rest_route=%2Fwp%2Fv2%2Fcomments&post=2"}],"version-history":[{"count":7,"href":"https:\/\/geloca.seio.es\/index.php?rest_route=\/wp\/v2\/pages\/2\/revisions"}],"predecessor-version":[{"id":90,"href":"https:\/\/geloca.seio.es\/index.php?rest_route=\/wp\/v2\/pages\/2\/revisions\/90"}],"wp:attachment":[{"href":"https:\/\/geloca.seio.es\/index.php?rest_route=%2Fwp%2Fv2%2Fmedia&parent=2"}],"curies":[{"name":"wp","href":"https:\/\/api.w.org\/{rel}","templated":true}]}}

Presentación

<p><img loading="lazy" decoding="async" src="wp-content/uploads/2012/11/geloca.png" alt="geloca" width="700" height="230" class="alignnone size-full wp-image-46" srcset="https://geloca.seio.es/wp-content/uploads/2012/11/geloca.png 700w, https://geloca.seio.es/wp-content/uploads/2012/11/geloca-300x98.png 300w" sizes="auto, (max-width: 700px) 100vw, 700px" /></p>
<p>Desde hace ya más de veinte años, profesores de distintas universidades españolas miembros de la <em>Sociedad Española de Estadística e Investigación Operativa -SEIO-</em>, vienen participando en las actividades del Grupo Europeo de Localización <em>(EURO Working Group on Locational Analysis -EWGLA-).</em></p>
<p>El aumento en los últimos años del número de participantes españoles en ese grupo europeo puso de manifiesto la necesidad de la creación de un grupo español sobre localización: GELOCA. En una reunión celebrada en Sevilla en Octubre de 1995, durante el <em>XXII Congreso de la SEIO</em>, se decidió crear formalmente GELOCA como uno de los »grupos de trabajo» de la SEIO.</p>

<p>Desde hace ya más de veinte años, profesores de distintas universidades españolas miembros de la Sociedad Española de Estadística e Investigación Operativa -SEIO-, vienen participando en las actividades del Grupo Europeo de Localización (EURO Working Group on Locational Analysis -EWGLA-). El aumento en los últimos años del número de participantes españoles en ese grupo europeo puso de [&hellip;]</p>
